r(z) - x(z). Determine l(5).
7
Let h(f) = f**2 + 2*f - 2. Suppose n + 11 = -2*u, 12*n = -5*u + 14*n - 32. Determine h(u).
22
Let z(y) be the first derivative of -7*y**2/2 - 5. Let s(c) = -c + 1. Let j be 2/(-13) + 370/(-130). Let r(i) = j*s(i) + z(i). Calculate r(-4).
13
Let s(p) = 6*p + 22. Suppose -2*x - 3*n + 1 = 2, -5*x + n - 45 = 0. Give s(x).
-26
Let b(w) = w**3 - 7*w**2 + 6*w - 2. Suppose 0 = 18*y - 72 - 36. Give b(y).
-2
Let l(r) = r**2 + 12*r - 16. Let g be l(-13). Let o(q) = -q**2 + 4*q + 3. Let m(i) = -i**2 + 1. Let f(b) = -2*m(b) + o(b). Determine f(g).
-2
Let c(p) = -p. Let s(t) = 0*t - 7 - t + 6 + 2*t. Let y(b) = -c(b) + 2*s(b). Calculate y(-5).
-17
Let w(r) = -3*r - 5. Suppose 0 = -4*b - 0*b - 16, i - 2*b - 12 = 0. Give w(i).
-17
Let k(q) be the third derivative of q**6/120 - q**5/15 - 5*q**4/24 - 7*q**3/6 + 30*q**2 + 1. Calculate k(5).
-7
Let n(o) be the third derivative of 4/15*o**5 + 0 + 0*o - 10*o**2 + 0*o**3 - 1/24*o**4. Suppose -2*j + 5 = 3. Give n(j).
15
Let x(q) be the third derivative of -q**4/8 + q**3/2 + 3*q**2 + 31. Determine x(-2).
9
Let o(d) = 2*d**2 - 25*d + 11. Let g(u) = -u**2 + 12*u - 6. Let v(l) = 9*g(l) + 4*o(l). Suppose 219 = -j + 226. What is v(j)?
-3
Let r(l) = 2*l + 3. Suppose 3*d + 106 - 115 = 0. Suppose -2*h + 20 = 3*h. Let y(w) = -3*w - 4. Let i(g) = d*y(g) + h*r(g). What is i(4)?
-4
Let i(s) = s**3 + s**2 + 4*s + 4. Let c = 52 + -55. Let b be 9/(0 - c) - 6. Determine i(b).
-26
Let a(m) = 2*m + 1. Let v = -39 + 33. Let d be (-3)/v*(-6)/3. What is a(d)?
-1
Let c(p) = -p**2 + 2*p - 5. Let f(s) = -2*s**2 + 2*s - 6. Let v(t) = -3*c(t) + 2*f(t). Suppose 5*a = k + 4, 4*a = -5*k - 1 - 19. Calculate v(k).
-5
Let d(i) = -i**3 - 14*i**2 + 12*i - 41. Let b be d(-15). Let j(k) = k**2 - 5*k + 6. Calculate j(b).
2
Let h(q) = 2*q**3 + 4*q**2 - 31*q + 3. Let w be h(-5). Let r(c) = -c**3 + 9*c**2 - 6*c + 11. What is r(w)?
27
Let i(r) = 5*r + 4. Let h be (-42)/(-3)*(-2)/4*-2. Let b be (-48)/h + 39/91. Calculate i(b).
-11
Let c(g) = g**3 - 7*g**2 + 4*g + 9. Suppose 155 - 179 = -4*o. Determine c(o).
-3
Suppose 17*n = 9*n + 824. Let q(b) = -b - 52 - 50 + n. Determine q(-5).
6
Let a(y) = y + 4. Let t(q) = q**2 - q + 3. Let s be t(0). Let x be (5 + -4)*s*-1. Give a(x).
1
Let c(z) be the first derivative of z**2 + 5*z + 232. What is c(-7)?
-9
Let h(l) = -l**2 - 15*l + 24. Let x(c) = 12*c**2 - 56*c + 16. Let k be x(4). Determine h(k).
8
Let b(i) = -i**2 + 2*i - 13. Let t(r) = 3*r**2 - 5*r + 37. Let s(y) = -17*b(y) - 6*t(y). Determine s(-6).
-13
Let y(o) = -3*o**2 + 15*o - 15. Let t(x) = -5*x**2 + 23*x - 23. Let a(d) = -5*t(d) + 8*y(d). What is a(-4)?
-9
Let o(n) be the second derivative of -n**5/20 + 2*n**4/3 - 7*n**3/6 + n**2 - 2*n + 47. Determine o(7).
2
Let w(m) = -6*m + 1. Let d be w(1). Let p(x) = x**3 + 2*x**2 + x - 1. Let t(s) = 9*s**3 + 20*s**2 + 4*s - 7. Let b(i) = 8*p(i) - t(i). Determine b(d).
4
Let x(a) = a - 3. Let l be x(8). Let d(u) = -1 + 3*u + l*u**2 - 3*u**2 + 0. Suppose -2*w = 0, 3*i - w = 2*i - 3. Determine d(i).
8
Let n(y) = 4*y**2 - 4*y + 1. Let h(j) = 9*j**2 - 9*j + 3. Let w(r) = -3*h(r) + 7*n(r). Suppose 3*z = 5*m + 3, 5*z - 1 = -5*m - 36. Determine w(m).
10
Suppose -3*f + 8 = -7. Suppose f*s + 1 = -3*w + 41, -w + 10 = s. Let c(j) = -j**3 + 6*j**2 - 2*j. Determine c(w).
15
Let r(l) = 1 - 5 + 3 - 3*l. Let c(g) = 45*g - 45*g - 4*g**2. Let b be c(1). Give r(b).
11
Let j(f) be the second derivative of f**6/240 + 3*f**4/2 - 8*f. Let h(c) be the third derivative of j(c). What is h(3)?
9
Suppose -7*c = 20 + 1. Let d be 17/c + 3/(27/6). Let v(f) = -f. Let s(j) = -7*j - 7. Let a(b) = -s(b) + 4*v(b). What is a(d)?
-8
Let r(x) = 0*x**2 - 3*x**2 - x**3 - 1 + 6*x**2 + 63*x - 55*x + 2*x**2. Calculate r(6).
11
Let y(x) = -x - 6. Suppose 15 = 458*z - 463*z. Give y(z).
-3
Let m(r) = -313*r**3 + 6*r**2 + 314*r**3 + 5 - 4. Let l = 10 + -1. Let k = l - 15. Give m(k).
1
Let m = 24 + -23. Let n be (5 - m) + 1 + -5. Let q(b) = 4*b - 2*b**2 - 1 - 3*b + b**2. Determine q(n).
-1
Let k(n) = -n - 5. Let r be k(-6). Let m be (5 - 3) + r + 2. Let y(u) = 0 - 4 + 6*u - 4*u**2 + 3*u**2. Calculate y(m).
1
Let f(d) = 5 - 9*d**3 + 2*d + 17*d**3 - 9*d**3 - 6*d**2. What is f(-6)?
-7
Let w(l) = -l. Suppose -2*y + 2 = 4*z - 6, 4*z = 4*y + 32. Determine w(y).
4
Let m be 6/(-8) - 11/(-4). Let s be m/(-1 + 3) - -3. Let b(p) = -3*p**3 + p - 5*p**2 + p + s + 2*p**3. What is b(-5)?
-6
Suppose -3*j + v - 83 = -3*v, 2*v = -4*j - 74. Let m be j/84 - 42/(-8)*1. Let z(x) = -x**3 + 5*x**2 - 4*x + 4. What is z(m)?
-16
Let z be (-795)/(-10) - (-1)/(-2). Let f(p) = 4 + 37*p - z*p + 40*p. Suppose 3*n = -5*b - 21, 0 = -b - 3*b + 3*n - 6. Calculate f(b).
10
Let c(m) be the second derivative of -m**5/20 - m**4/3 - m**2 - 133*m. Calculate c(-3).
-11
Let i = -176 - -231. Let j(r) = 2 + 53*r - i*r + 0. Suppose 10 = -0*d - 2*d. What is j(d)?
12
Let k(i) = 18*i - 32. Let a be k(2). Let b(j) be the second derivative of -j**3/2 + j**2/2 + 2*j. Calculate b(a).
-11
Suppose -f = -3*f, -f = -2*z + 8. Suppose 2 + 8 = -5*y + z*b, -y + 14 = -4*b. Let m(i) be the second derivative of -i**3/3 - 4*i**2 + i. Calculate m(y).
4
Let v = 6 + -12. Let k(b) = -4*b**2 - 8*b - 4. Let w(r) = 3*r**2 + 7*r + 3. Let p(o) = 2*k(o) + 3*w(o). Calculate p(v).
7
Suppose 2*d - 80 = m - 11, -2*d = 2*m - 60. Let n(s) = 26*s + 1 + d*s - 61*s - s**2. Determine n(4).
-23
Let j(a) = -a**2 - 5. Let h = -9 + 14. Let p be (h - 7 - 1)*(-4)/(-3). Calculate j(p).
-21
Let g(h) = -2*h**3 - h**2 - 1. Let q(r) = r**2 - 1. Let y(p) = g(p) - 2*q(p). Determine y(-2).
5
Let k = -9 + 16. Let c(m) = -k*m**3 + 12*m + m**2 - 13*m - 6 + 6*m**3. Let d be (-2)/(-7) + 2/(-7). What is c(d)?
-6
Let s(g) be the third derivative of -3*g**5/20 - g**4/12 + 7*g**3/6 + 25*g**2. Let n(y) = -9*y**2 - 2*y + 6. Let r(f) = 6*n(f) - 5*s(f). Give r(1).
-10
Suppose -3*s + 109 - 10 = -3*a, -5*a = 3*s - 123. Let o be (-198)/s + 6/4. Let g(f) = -2*f + 5. Calculate g(o).
13
Let x be (2 + -5)*10/6. Let b(v) = -v**2 - v - 1. Let k(a) = a**2 - 6*a - 4. Let g(r) = 2*b(r) + k(r). What is g(x)?
9
Let m(c) = c**3 + 6*c**2 - 2*c + 3. Let r be m(-6). Let z(l) = -3 - 6*l + 8*l + 2 - r. Let w be z(9). Let v(j) = -j**3 + 4*j - 3. Give v(w).
-3
Let x(z) be the second derivative of -z**4/24 - z**3/2 - 15*z**2/2 + 15*z. Let d(s) be the first derivative of x(s). Determine d(3).
-6
Suppose 5*x = -3*v - 0*x - 8, -2*v - 2*x = 4. Let i(l) = 9*l. What is i(v)?
-9
Let f be 12/(-10)*(-190)/(-114). Let p(n) = n**3 - 3*n**2 - 3*n - 4. Calculate p(f).
-18
Let d(k) = 12*k**3 - 23*k**2 + 10*k + 3. Let t(q) = 7*q**3 - 11*q**2 + 6*q + 2. Let v(l) = -3*d(l) + 5*t(l). Determine v(14).
1
Let t(r) = 5*r + 1. Let h(i) = -29*i + 1. Let c(k) = h(k) + 6*t(k). Determine c(3).
10
Let p(a) be the second derivative of 4*a**3/3 + 21*a**2/2 - 2*a + 280. Calculate p(-4).
-11
Let b(o) = o**2 - o. Let h(q) = q**3 + 8*q**2 + 12*q + 13. Let p(l) = -2*b(l) - h(l). Let g = -16 + 7. Let a be p(g). Let u(w) = -2*w - 6. What is u(a)?
2
Let q be -9*3*(-4)/12. Suppose -105 = -5*p - 3*d, 65 = 3*p + 2*d + 2. Suppose -5*f - q - p = 0. Let m(y) = -y**2 - 6*y - 4. Calculate m(f).
-4
Let g be (-10)/6 + (-4)/12. Let c be (-22)/(-4) - 1/g. Let j(h) be the first derivative of -h**4/4 + 2*h**3 - h**2 + 9*h - 61. What is j(c)?
-3
Let c(n) = -n**3 + 3*n**2 + n + 7. Let y(m) = 2*m**3 - 4*m**2 - m - 8. Let x(k) = 3*c(k) + 2*y(k). Give x(0).
5
Let a(v) = -36*v - 68. Let g be a(-2). Let y(o) = o**3 - 4*o**2 + 4*o + 3. Give y(g).
19
Let x(t) = t**2 + 1. Let g(r) = r**3 + 4*r**2 + 1. Let l(o) = g(o) + 3*x(o). What is l(-7)?
4
Let w(u) = -u**2 + 3*u**2 + 32 - u**2 + 0*u**2 + 4*u - 28. What is w(-3)?
1
Suppose -3*y + 29 = 5*j, -3*y = -5*j - 7*y + 32. Let q be (4/6)/((-4)/6). Let b be 4/16 + q/j. Let d(s) = s**3 - 6. What is d(b)?
-6
Let l(r) = -7 - 3*r - r + 5*r - 4*r + 3. Suppose -y - 12 = 3*b - 2*y, -6 = 2*y. Give l(b).
11
Suppose 4*u = -4, -o + 5*u = 3 - 7. Let c(w) = w - 1. Let q(y) = -2*y - 5. Let d(f) = o*q(f) - c(f). Calculate d(0).
6
Let v(d) = -d**2 + 5*d - 4. Let j be v(4). Let f(t) = -3*t + 1. Let s(l) = -16*l - 8. Let w(p) = 5*f(p) - s(p). Give w(j).
13
Let o be 1002/42 - 2/(-14). Let n(b) = -22 - 4*b**2 + o - 2*b + 2*b. Give n(-2).
-14
Let s(f) = 2*f**2 + 12*f + 12. Let o be s(-1). Let h(x) = -3*x + 